(w) = 3*w**2 - 134877*w + 269751. Give d(2).
9
Let x(w) = w**2 + 2747*w - 139852. Determine x(50).
-2
Let t(f) = -4*f**3 + 3750*f**2 - 2411*f + 503183. Calculate t(937).
14
Let x(b) = -3676*b - 58804. Determine x(-16).
12
Let u(z) = 5*z**2 - 516398*z + 516396. Give u(1).
3
Let o(w) = -w**3 - 13*w**2 - 91*w - 836. What is o(-15)?
979
Let i(k) = -2*k**3 + 330*k**2 - 351*k + 57909. Calculate i(165).
-6
Let g(s) = -2*s**3 + 305*s**2 + 146*s + 1102. Determine g(153).
31
Let t(s) = -9*s**3 - 156*s**2 + 13*s - 1677. Give t(-18).
33
Let l(z) = 9025*z + 36116. Give l(-4).
16
Let n(g) = 17206*g - 2890642. Give n(168).
-34
Let o(r) = 3*r**2 + 499*r + 13793. What is o(-35)?
3
Let z(v) = v**2 - 510*v + 38010. Give z(420).
210
Let k(u) = -u**2 + 53*u + 1615. Calculate k(-20).
155
Let o(a) = 2*a**3 + 197*a**2 + 1279*a - 5. What is o(-7)?
9
Let p(k) = k**3 + 32*k**2 + 347*k + 6546. Calculate p(-28).
-34
Let f(r) = -10*r**2 - 5193*r + 26221. Determine f(5).
6
Let f(g) = g**3 - 418303*g + 1254894. Calculate f(3).
12
Let r(x) = -2*x**2 - 62728*x + 1883626. Give r(30).
-14
Let i(b) = -13061*b + 1946082. Give i(149).
-7
Let k(f) = -5284*f + 274771. Calculate k(52).
3
Let i(y) = -1515*y + 1093. Give i(2).
-1937
Let g(u) = -u**3 - 316*u**2 + 1286*u + 1913. Give g(-320).
-7
Let i(y) = -3*y**2 - 546*y - 7570. What is i(-15)?
-55
Let y(u) = -u**2 - 2623*u - 28. Give y(0).
-28
Let y(i) = -i**2 + 146084*i - 1022481. Calculate y(7).
58
Let u(f) = 2*f**2 + 2287*f + 532054. Calculate u(-325).
29
Let g(o) = 243*o**2 + 18965*o + 863. Give g(-78).
5
Let w(z) = -14*z**2 + 106*z - 55. What is w(7)?
1
Let q(z) = -z**3 + 139*z**2 - 1291*z - 33. Determine q(10).
-43
Let u(d) = 6*d**2 + 380*d + 998. Determine u(-61).
144
Let u(t) = -t**3 - 634*t**2 - 4310*t + 49412. Give u(-627).
-121
Let u(f) = f**2 - 40*f - 5640. Give u(82).
-2196
Let h(z) = -z**3 - 64*z**2 + 701*z + 56514. Give h(-60).
54
Let g(k) = -37006*k + 1998439. Calculate g(54).
115
Let r(a) = -109*a**2 - 2515*a - 188. Calculate r(-23).
-4
Let j(m) = 3*m**3 + 15*m**2 + 20*m + 64. Determine j(-6).
-164
Let p(s) = 8582*s - 154807. Calculate p(18).
-331
Let h(m) = m**2 + 1029*m + 262012. What is h(-463)?
-46
Let i(f) = -f**3 - 33*f**2 - 286*f - 238. Determine i(-13).
100
Let m(n) = n**3 + 53*n**2 + 367*n - 4018. What is m(-42)?
-28
Let m(y) = -14*y**3 - 70*y**2 - 3971*y - 19893. Calculate m(-5).
-38
Let a(y) = -y**3 + 41*y**2 - 217*y + 1228. Give a(36).
-104
Let z(h) = -74504*h + 894032. Calculate z(12).
-16
Let u(j) = 1097*j - 14649. Calculate u(13).
-388
Let s(p) = 103*p**2 - 76418*p - 5938. What is s(742)?
-2
Let m(c) = 5*c**3 - 45*c**2 + 290. What is m(8)?
-30
Let r(p) = 2*p**3 + 16*p**2 - 54*p - 415. Determine r(-9).
-91
Let v(d) = 3*d**2 - 94*d + 60. What is v(-14)?
1964
Let o(q) = -16803*q - 655161. What is o(-39)?
156
Let w(b) = -6*b**3 - 174*b**2 - 480*b - 4218. Determine w(-27).
-6
Let f(g) = -2*g**3 - 47*g**2 + 371*g + 8345. Give f(-24).
17
Let j(n) = -13*n**3 - n**2 + 304*n - 60. What is j(-5)?
20
Let t(r) = -r**3 - 14*r**2 + 914*r + 11938. Determine t(-13).
-113
Let r(a) = 2205*a**2 + 255*a - 256. Give r(1).
2204
Let l(x) = x**2 + 315*x - 30656. Give l(78).
-2
Let z(a) = 2*a**3 - 78*a**2 - 438*a - 4603. Give z(45).
-13
Let y(r) = -23*r**2 - 20278*r - 20278. Calculate y(-1).
-23
Let f(x) = x**3 - 3*x**2 - 385*x - 2104. Determine f(-6).
-118
Let j(r) = -r**3 - 111*r**2 - 6*r - 75. What is j(-111)?
591
Let p(t) = t**3 - 137*t**2 - 23*t + 3157. What is p(137)?
6
Let a(u) = -5*u**3 + 67*u**2 + 84*u - 1285. What is a(13)?
145
Let a(k) = 403*k**2 - k - 206. Determine a(0).
-206
Let z(c) = 3518*c - 66678. Calculate z(19).
164
Let i(u) = -u**2 - 83*u + 22578. Give i(-197).
120
Let k(l) = -212953*l + 1064771. What is k(5)?
6
Let r(o) = -6569*o + 6566. Give r(1).
-3
Let a(i) = 32*i**3 - 5*i**2 + 2*i + 15. What is a(3)?
840
Let z(f) = -f**3 + f**2 - 43896*f + 87811. Give z(2).
15
Let u(v) = -100206*v - 6513391. Give u(-65).
-1
Let t(o) = -o**2 + 13271*o + 345650. What is t(-26)?
-72
Let q(l) = 5*l**3 + 168*l**2 - 12*l + 109. Give q(-34).
-1795
Let z(s) = 543*s - 516. What is z(2)?
570
Let p(b) = 12327*b + 209575. Calculate p(-17).
16
Let i(b) = -b**3 - 509*b - 2472. Calculate i(-5).
198
Let m(n) = -872*n + 9251. Determine m(11).
-341
Let t(n) = 5320*n - 63772. Calculate t(12).
68
Let f(s) = s**3 + 53*s**2 + 44*s - 689. Give f(-52).
-273
Let a(l) = l**2 + 5239*l - 441732. Determine a(83).
-6
Let n(o) = -3922*o + 31245. Give n(8).
-131
Let t(l) = 76*l**2 - 275*l + 10. Determine t(4).
126
Let v(h) = 10*h**3 + 832*h**2 - 109*h - 22837. Determine v(-83).
-12
Let b(n) = -39*n**3 + 1015*n**2 - 17*n - 230. Calculate b(26).
4
Let q(z) = -908*z + 35575. What is q(39)?
163
Let a(j) = 2*j**3 + 105*j**2 - 1513*j - 2540. Calculate a(-64).
84
Let s(m) = -3*m**3 + 765*m**2 - 2259*m - 2256. What is s(252)?
12
Let h(k) = 398*k - 4418. Give h(8).
-1234
Let m(s) = -s**3 - 9*s**2 + 209*s + 1070. Give m(-5).
-75
Let c(i) = 34*i**2 + 288*i - 5012. Determine c(-17).
-82
Let b(o) = -13*o**3 - 1447*o**2 - 443*o + 93. Determine b(-111).
-18
Let y(d) = -8*d**2 + 578*d + 8676. Give y(85).
6
Let k(m) = -245*m**2 - 70*m - 52. Calculate k(0).
-52
Let n(m) = m**3 + 31*m**2 - 28*m + 5545. Calculate n(-36).
73
Let o(u) = u**3 + 351*u**2 - 635*u - 99480. What is o(-352)?
136
Let d(x) = 6*x**3 - 26*x + 112. Give d(4).
392
Let x(h) = -2495*h - 41095. What is x(-18)?
3815
Let z(p) = 1592*p - 24097. Determine z(15).
-217
Let f(g) = -9*g**2 - 265*g + 1486. Calculate f(-34).
92
Let m(s) = 619673*s - 1239356. Give m(2).
-10
Let c(b) = -b**2 - 263*b + 21314. What is c(65)?
-6
Let m(h) = 12*h**2 + 2665*h - 29665. Calculate m(11).
1102
Let m(r) = -r**3 - 61*r**2 + 73*r + 2949. Give m(-62).
2267
Let c(u) = -u**3 - 168*u**2 - 933*u - 99772. Give c(-166).
-6
Let n(a) = -8202*a + 16408. Determine n(2).
4
Let u(b) = -b**3 + 120*b**2 - 901*b + 12471. Determine u(113).
41
Let x(u) = -6*u**2 + 332*u - 1193. Calculate x(53).
-451
Let d(z) = 4*z**3 + 13*z**2 - 822*z - 2480. Determine d(-3).
-5
Let p(r) = -r**3 + 25*r**2 + 490*r + 159. Give p(38).
7
Let a(r) = r**2 + 1009*r + 143861. Give a(-172).
-103
Let i(q) = 13*q**3 - 14*q**2 - 180*q + 355. Give i(2).
43
Let d(b) = 2402*b - 713395. Give d(297).
-1
Let h(g) = -107*g + 6852. What is h(58)?
646
Let u(c) = 955*c + 445236. Give u(-466).
206
Let o(r) = -1250*r - 22495. Calculate o(-18).
5
Let d(v) = 86*v**2 - 10*v - 7. Give d(3).
737
Let t(j) = -j**3 - 100*j**2 + 891*j - 231. Determine t(8).
-15
Let y(r) = 113*r + 473. Calculate y(-5).
-92
Let b(f) = -f**3 + 200*f**2 - 3202*f - 1331. Give b(18).
1
Let m(s) = 77*s**2 - 15*s - 61. What is m(-4)?
1231
Let s(u) = 5*u**2 + 2276*u + 20316. Calculate s(-9).
237
Let r(i) = -776*i + 38337. Determine r(48).
1089
Let i(c) = c**2 - 20432*c + 1871273. What is i(92)?
-7
Let g(q) = 2*q**2 - 17035*q - 426549. Give g(-25).
576
Let s(d) = 44*d + 6178. Give s(-140).
18
Let a(l) = 4*l**2 + 3301*l - 3299. What is a(1)?
6
Let x(o) = -o**3 + 865*o**2 - 5993*o - 107. What is x(7)?
-16
Let d(b) = -19645*b - 117911. Give d(-6).
-41
Let u(p) = -2096*p - 13156. What is u(-6)?
-580
Let a(v) = 22*v**3 - 12344*v**2 + 1124*v - 1105. Give a(561).
17
Let p(c) = 7*c**2 - 423*c - 7180. What is p(-14)?
114
Let v(i) = -i**3 - 47*i**2 - 20*i + 3371. Give v(-45).
221
Let m(v) = -199*v + 33673. What is m(169)?
42
Let m(r) = 29860*r + 87514. Give m(-3).
-2066
Let u(r) = -4762492*r - 19049985. What is u(-4)?
-17
Let a(t) = 54*t**2 - 56876*t - 42146. What is a(1054)?
14
Let c(y) = 28915*y + 115883. What is c(-4)?
223
Let i(m) = -8226*m - 3084756. Determine i(-375).
-6
Let l(z) = 576*z - 29359. Determine l(51).
17
Let s(b) = b**3 + 52*b**2 - 1189*b - 26930. Give s(-64).
14
Let b(x) = -12515*x - 84020. Determine b(-7).
3585
Let s(y) = -y**3 - 25*y**2 - 85*y - 1258. Give s(-24).
206
Let l(w) = 15889*w - 190659. Calculate l(12).
9
Let t(r) = -r**2 + 1331020*r - 9317118. Determine t(7).
-27
Let s(t) = 37*t**2 + 177*t - 40. Calculate s(-4).
-156
Let x(v) = -88*v**2 + 18755*v - 18766. What is x(1)?
-99
Let q(x) = 6*x**2 + 196*x + 1007. Give q(-5).
177
Let t(d) = 3*d**3 + 56*d**2 - 71*d - 1408. What is t(-18)?
518
Let h(y) = -6*y**2 + 957*y + 6211. Give h(166).
-263
Let p(h) = -92*h**2 + 81195*h - 44976. What is p(882)?
6
Let b